8*s + 3. Let u(d) = d + 8. Let a be u(0). Let t be k(a). Suppose -t*v + 43 = -59. What is the tens digit of v?
3
What is the hundreds digit of (2 - 1)/((-6)/(-924))?
1
Let u(z) = 8*z + 13. Let r = 35 - 22. Let k = r + -7. What is the tens digit of u(k)?
6
Let k(i) = i**3 + 15*i**2 + 10*i - 11. What is the units digit of k(-10)?
9
What is the units digit of 328/36*6*(-6)/(-4)?
2
Let p = -9 + 14. Let n be ((-6)/8)/(p/20). Let x(h) = -3*h - 5. What is the units digit of x(n)?
4
Let k be (-5162)/(-18) + (-14)/(-63). Let g = -202 + k. Suppose 3*q = 4*r - g, 5*r + 0*q - q - 98 = 0. What is the units digit of r?
9
Suppose n - 33 + 2 = 2*k, -42 = -2*n - k. Let p(j) = -j**3 - 17*j**2 + 12*j - 11. Let i be p(-18). Suppose 3*h = n + i. What is the tens digit of h?
4
Suppose -7*z + 40 = 5. What is the units digit of 2/6 + 111*z/9?
2
Let f be (-1791)/(-4) + (-18)/(-72). Suppose 0 = -4*d + 3*h + 154 + 294, h + f = 4*d. What is the units digit of d?
2
Let u = 195 - 59. What is the units digit of u?
6
Suppose 2*a - 3398 = 5*m, -5*a + 8*m - 12*m = -8495. What is the tens digit of a?
9
Let i = 5 + -15. Let w = -14 - i. Let o(b) = 2*b**2 + 4*b + 4. What is the tens digit of o(w)?
2
Let f = 23 - -3. Let s = -330 - -359. Let p = s - f. What is the units digit of p?
3
Let t be 1/(18/4) - 10742/(-18). Let c = t - 421. What is the units digit of c?
6
Let q(w) = -w**3 + 8*w**2 + 9*w + 2. Let i be q(9). Suppose i*j = 0, 0 = -d - 5*j + 6*j - 138. What is the tens digit of (d/8)/(9/(-24))?
4
Suppose 0 = 3*f - 2*c - 3419, -3*f - c = -4*c - 3420. What is the tens digit of f?
3
Let b(u) be the first derivative of u**4/4 + 4*u**3 + 11*u**2/2 + 6*u + 9. Let p be b(-11). What is the tens digit of ((-24)/15)/(p/(-75))?
2
Suppose 0 = -5*q + 15, 3*q - 251 = -4*v + 206. What is the units digit of v?
2
Suppose m = m + m. Suppose m = -0*i + 2*i - 230. What is the hundreds digit of i?
1
Let f(x) = 160*x**3 - 6*x + 7. What is the tens digit of f(2)?
7
Let a = 2148 - 1419. What is the units digit of (a/(-18))/(1/(-2))?
1
Let g = -215 - -215. Suppose 5*q = -4 - 6. What is the units digit of g/(-2) + 20 - q?
2
Suppose -39 = -2*d + 3*d. What is the units digit of 86/3*d/(-26)?
3
Suppose n - 5*n = -160. What is the tens digit of n?
4
Let r(m) = 3*m + 8. Let y be r(-2). Let l(p) = 13*p**3 - 3*p**2 + 3*p - 3. What is the tens digit of l(y)?
9
Suppose 5*u = -5*d + 5, -4*d = 2*u - 6*u - 12. Suppose -3*r = -n - n - 32, -90 = -5*r - 4*n. Let c = r + d. What is the tens digit of c?
1
Let y be 2 + 2 + 0 + -1. Suppose 4*f = 3*f - 5, -4*f = 5*o - 5. Let b = o + y. What is the units digit of b?
8
Let d be 5*-1*(-3 + 0 + 4). Let f(r) = 2*r**2 + 7*r + 1. What is the units digit of f(d)?
6
Let l be 16/(-24)*(-3)/(-1). Let y be ((-3)/(-6))/(l/60). What is the tens digit of 165/(-3)*9/y?
3
Let g(m) = -4*m**3 + 6*m**2 + 7*m - 10. Let c(p) = p**3 + 1. Let f(s) = -3*c(s) - g(s). Let t be (3/6)/(1/14). What is the units digit of f(t)?
7
Let y(l) = -l**3 + 4*l**2 - l + 8. Let q be y(4). Suppose q*a = 10*a - 450. What is the units digit of a?
5
Let a = 787 - 515. What is the hundreds digit of a?
2
What is the thousands digit of (-6)/(-14) + (-1 - 40395/(-21))?
1
Let x be 2/((0 - 2) + 4). Let n(b) = 3 + 2*b - 4 + 11*b**2 - 2*b. What is the tens digit of n(x)?
1
Suppose 5*x = -3*k + 31, -x - 4*k = -12 - 1. Suppose 0 = x*b - 3*b + 576. What is the tens digit of (b/60)/((-3)/20)?
3
Suppose 2*l = 5*m - 4*m + 829, -5*l = 2*m - 2095. What is the units digit of l?
7
Suppose -110*z = 5*c - 112*z - 3734, 0 = -c + z + 745. What is the hundreds digit of c?
7
Let v(m) = -6*m + 25. Let s be v(5). What is the units digit of -15*((-1 - s) + -5)?
5
Let l = 107 + 308. What is the tens digit of l?
1
Suppose 15*g - 3*v + 618 = 10*g, 0 = -2*v - 8. Suppose -2*r - 7 = 4*q + 35, -4*q = 5*r + 87. What is the units digit of (r/(-9))/((-7)/g)?
0
Let m(p) = 2*p**2 - 5*p + 2. Suppose 5*a - 20 = -5. What is the units digit of m(a)?
5
Let r = 1 - 7. Let c(p) = -p**3 - 8*p**2 - 11*p + 2. Let o be c(r). What is the tens digit of 44 - (o + (4 - 4))?
4
Let y(l) = -5*l**2 - 7*l. Let g(q) = q. Let x(d) = -2*g(d) - y(d). Let t(m) = -3*m + 36. Let n be t(13). What is the units digit of x(n)?
0
Let c(i) = -1 + 0 - 2 - i - 2*i. Let s be c(-2). Suppose -131 = -s*d - 2*d - f, 0 = -3*d + f + 85. What is the tens digit of d?
2
Let a = -1388 - -1721. What is the units digit of a?
3
Let k be (-3)/6*14*-25. Suppose -3*g = 2*g + 5*b - k, -g - 4*b + 41 = 0. Suppose -g = -2*q + 45. What is the tens digit of q?
3
Suppose -777 = -4*x + 139. What is the hundreds digit of x?
2
Let x be 5 - 5/20*0. What is the units digit of (102/4)/((-6)/(-100)*x)?
5
Let a = 111 - 63. Let w(d) = d**2 + 6*d + 4. Let z be w(-6). Suppose -z*v + a = -v. What is the tens digit of v?
1
Suppose 3*c - 4*m = 2, 5*c - 18 - 32 = -5*m. Suppose 4*x + 8*b - c = 3*b, -5*x - 7 = -b. Let t = x - -24. What is the tens digit of t?
2
Let a(p) = 31*p**3 - p - 1. Let y be a(-1). Let q = 9 - y. What is the tens digit of q?
4
Let q = 233 + -49. Let r = -282 + q. Let g = -40 - r. What is the units digit of g?
8
Let w = 2842 - 1671. What is the units digit of w?
1
Let w(g) = g**3 - 41*g**2 + 40*g + 16. What is the tens digit of w(40)?
1
Let q be -1 - ((2 - 350) + 0). Suppose l - 3*r = -4*l + q, 2*l - 5*r = 135. Let u = l + -14. What is the tens digit of u?
5
Let b = 15 + -3. Let t = -6 + b. What is the units digit of t?
6
Suppose -2*l + 2*y - 7*y + 23 = 0, -10 = -2*y. What is the units digit of 7150/77 + l/(-7)?
3
Suppose 0*j + 30 = 3*j. Let m = j + -6. Let y = 17 + m. What is the units digit of y?
1
Let f = 60 - 54. Suppose f*h - h = 230. What is the units digit of h?
6
Suppose 17*r - 20*r = -1719. What is the units digit of r?
3
Suppose 0 = 11*j - 14381 - 11590. What is the hundreds digit of j?
3
Let d = 41 + -20. Suppose -3*c + d = 4*c. What is the units digit of c?
3
Suppose -2*p = -u - 209, 0*p + p + 4*u = 118. Let b = p - 57. What is the tens digit of b?
4
Let a be 12/15*(-1 + 1*391). Suppose 6*v - a = 2*v + 4*t, 0 = -3*v - t + 234. What is the units digit of v?
8
Let n(x) = 12*x - 95. What is the units digit of n(39)?
3
Let i(u) = 2*u - 24. Let h be i(10). What is the units digit of -210*(90/25 + h)?
4
Suppose 2*p + 5*m - 11036 + 1564 = 0, p + 5*m - 4726 = 0. What is the units digit of p?
6
Suppose 0 = -7*t + 34 - 20. Suppose y = 5*y + 16, 4*i - 156 = -t*y. What is the tens digit of i?
4
Let t be (36/14)/(3/567). Let p = t - 299. What is the units digit of p?
7
Let h(q) = 2*q**3 + 9*q**2 - 9*q + 18. What is the units digit of h(6)?
0
Let r be 142 - ((-4)/1)/4. Let x = r + -83. What is the units digit of x?
0
Suppose -382*u + 376*u = -6990. What is the thousands digit of u?
1
Let l(v) = 7*v**3 - 2*v**2 - 4*v + 1. Let g be l(4). Suppose -g - 127 = -4*n. What is the units digit of n?
2
Let m be (-2)/(-3) - 161/21. Let p(q) = -q + 1. Let d be p(m). What is the units digit of 2/(-1) + d + -3?
3
Let g be (-2)/6 + 40/12. Suppose 5*n - g*o - 21 = -4, 12 = 2*n + 4*o. What is the units digit of n?
4
Let w(f) = f**2 - f + 6. Let n be w(0). Let u(r) = -r**3 + 7*r**2 + 2*r - 6. What is the tens digit of u(n)?
4
Let z(d) = 54 - 301*d - 78 - 116. Let t(y) = 15*y + 7. Let o(q) = -119*t(q) - 6*z(q). What is the tens digit of o(3)?
7
What is the hundreds digit of (-268)/2010 + (-1 - (-35374)/30)?
1
Suppose 3*m = 5*r - 3658, 2*r + m - 1476 = -m. What is the units digit of r?
4
Let p(y) = -6*y - 2. Let c be p(8). Let u(l) = -l**3 + 18*l**2 - 9*l - 39. Let x be u(17). Let t = c + x. What is the units digit of t?
7
Let i(s) = 2*s**2 - 22*s - 87. What is the units digit of i(-23)?
7
Let h(k) = k + 2. Let c be (-4)/22 + (-105)/(-33). Let p be h(c). Suppose -p*x - 44 = -7*x. What is the units digit of x?
2
Suppose 0*q = -3*q. Suppose q = -16*b + 5*b + 770. What is the tens digit of b?
7
Let j be 8 + (-9)/((-45)/(-25)). Let g = 2 - 0. Suppose -6*s + j*s + g*z = -98, -3*s + z + 94 = 0. What is the tens digit of s?
3
Suppose -5*u + 3 = -w, 0 = -2*u - 5*w - 8 - 7. Suppose u = 5*c - 3*c - 282. What is the tens digit of c?
4
Let m(y) = -y**2 + 3*y. Let p be m(3). Suppose -n = -p*n. What is the units digit of (-4 - -29) + (-1 - n)?
4
What is the tens digit of ((-66)/(-10))/(33/715)?
4
Let k = 877 + -298. What is the tens digit